{"id":2433,"date":"2024-12-30T11:17:14","date_gmt":"2024-12-30T11:17:14","guid":{"rendered":"https:\/\/gatewaykurumsal.com\/?page_id=2433"},"modified":"2024-12-30T11:31:24","modified_gmt":"2024-12-30T11:31:24","slug":"mice-hizmetleri-2","status":"publish","type":"page","link":"https:\/\/gatewaykurumsal.com\/?page_id=2433&lang=tr","title":{"rendered":"MICE Hizmetleri"},"content":{"rendered":"\t\t<div data-elementor-type=\"wp-page\" data-elementor-id=\"2433\" class=\"elementor elementor-2433\">\n\t\t\t\t\t\t<section class=\"has_eae_slider elementor-section elementor-top-section elementor-element elementor-element-edb78a0 ct-section-stretched elementor-section-full_width elementor-section-height-min-height elementor-section-height-default elementor-section-items-middle\" data-id=\"edb78a0\" data-element_type=\"section\" data-settings=\"{&quot;background_background&quot;:&quot;classic&quot;}\">\n\t\t\t\t\t\t<div class=\"elementor-container elementor-column-gap-default\">\n\t\t\t\t\t<div class=\"has_eae_slider elementor-column elementor-col-100 elementor-top-column elementor-element elementor-element-5628437\" data-id=\"5628437\" data-element_type=\"column\">\n\t\t\t<div class=\"elementor-widget-wrap\">\n\t\t\t\t\t\t\t<\/div>\n\t\t<\/div>\n\t\t\t\t\t<\/div>\n\t\t<\/section>\n\t\t\t\t<section class=\"has_eae_slider elementor-section elementor-top-section elementor-element elementor-element-9f5ed28 ct-section-stretched elementor-section-full_width elementor-section-height-default elementor-section-height-default\" data-id=\"9f5ed28\" data-element_type=\"section\">\n\t\t\t\t\t\t<div class=\"elementor-container elementor-column-gap-default\">\n\t\t\t\t\t<div class=\"has_eae_slider elementor-column elementor-col-100 elementor-top-column elementor-element elementor-element-089dabb\" data-id=\"089dabb\" data-element_type=\"column\">\n\t\t\t<div class=\"elementor-widget-wrap elementor-element-populated\">\n\t\t\t\t\t\t<div class=\"elementor-element elementor-element-10d6ea2 elementor-widget__width-inherit elementor-widget elementor-widget-text-editor\" data-id=\"10d6ea2\" data-element_type=\"widget\" data-widget_type=\"text-editor.default\">\n\t\t\t\t<div class=\"elementor-widget-container\">\n\t\t\t\t\t\t\t<p>&#8220;Unutulmaz Organizasyonlar \u0130\u00e7in Do\u011fru Adres!&#8221;<\/p>\t\t\t\t\t\t<\/div>\n\t\t\t\t<\/div>\n\t\t\t\t<div class=\"elementor-element elementor-element-f6b36c4 elementor-widget-divider--view-line_icon elementor-view-default elementor-widget-divider--element-align-center elementor-widget elementor-widget-divider\" data-id=\"f6b36c4\" data-element_type=\"widget\" data-widget_type=\"divider.default\">\n\t\t\t\t<div class=\"elementor-widget-container\">\n\t\t\t\t\t<div class=\"elementor-divider\">\n\t\t\t<span class=\"elementor-divider-separator\">\n\t\t\t\t\t\t\t<div class=\"elementor-icon elementor-divider__element\">\n\t\t\t\t\t<svg aria-hidden=\"true\" class=\"e-font-icon-svg e-fas-chevron-down\" viewBox=\"0 0 448 512\" xmlns=\"http:\/\/www.w3.org\/2000\/svg\"><path d=\"M207.029 381.476L12.686 187.132c-9.373-9.373-9.373-24.569 0-33.941l22.667-22.667c9.357-9.357 24.522-9.375 33.901-.04L224 284.505l154.745-154.021c9.379-9.335 24.544-9.317 33.901.04l22.667 22.667c9.373 9.373 9.373 24.569 0 33.941L240.971 381.476c-9.373 9.372-24.569 9.372-33.942 0z\"><\/path><\/svg><\/div>\n\t\t\t\t\t\t<\/span>\n\t\t<\/div>\n\t\t\t\t<\/div>\n\t\t\t\t<\/div>\n\t\t\t\t\t<\/div>\n\t\t<\/div>\n\t\t\t\t\t<\/div>\n\t\t<\/section>\n\t\t\t\t<section class=\"has_eae_slider elementor-section elementor-top-section elementor-element elementor-element-19e072b elementor-section-full_width elementor-section-height-default elementor-section-height-default\" data-id=\"19e072b\" data-element_type=\"section\">\n\t\t\t\t\t\t<div class=\"elementor-container elementor-column-gap-default\">\n\t\t\t\t\t<div class=\"has_eae_slider elementor-column elementor-col-25 elementor-top-column elementor-element elementor-element-ce03ee0\" data-id=\"ce03ee0\" data-element_type=\"column\">\n\t\t\t<div class=\"elementor-widget-wrap elementor-element-populated\">\n\t\t\t\t\t\t<div class=\"elementor-element elementor-element-ae428ae elementor-widget elementor-widget-heading\" data-id=\"ae428ae\" data-element_type=\"widget\" data-widget_type=\"heading.default\">\n\t\t\t\t<div class=\"elementor-widget-container\">\n\t\t\t<h2 class=\"elementor-heading-title elementor-size-default\">Te\u015fvik Programlar\u0131<\/h2>\t\t<\/div>\n\t\t\t\t<\/div>\n\t\t\t\t<div class=\"elementor-element elementor-element-fa1fdc3 elementor-widget elementor-widget-image\" data-id=\"fa1fdc3\" data-element_type=\"widget\" data-widget_type=\"image.default\">\n\t\t\t\t<div class=\"elementor-widget-container\">\n\t\t\t\t\t\t\t\t\t\t\t\t\t<img fetchpriority=\"high\" decoding=\"async\" width=\"1024\" height=\"666\" src=\"https:\/\/gatewaykurumsal.com\/wp-content\/uploads\/2024\/12\/incentives-1024x666.png\" class=\"attachment-large size-large wp-image-1894\" alt=\"\" srcset=\"https:\/\/gatewaykurumsal.com\/wp-content\/uploads\/2024\/12\/incentives-1024x666.png 1024w, https:\/\/gatewaykurumsal.com\/wp-content\/uploads\/2024\/12\/incentives-300x195.png 300w, https:\/\/gatewaykurumsal.com\/wp-content\/uploads\/2024\/12\/incentives-768x499.png 768w, https:\/\/gatewaykurumsal.com\/wp-content\/uploads\/2024\/12\/incentives-1536x998.png 1536w, https:\/\/gatewaykurumsal.com\/wp-content\/uploads\/2024\/12\/incentives.png 2000w\" sizes=\"(max-width: 1024px) 100vw, 1024px\" \/>\t\t\t\t\t\t\t\t\t\t\t\t\t<\/div>\n\t\t\t\t<\/div>\n\t\t\t\t<div class=\"elementor-element elementor-element-2b06b0f elementor-widget elementor-widget-text-editor\" data-id=\"2b06b0f\" data-element_type=\"widget\" data-widget_type=\"text-editor.default\">\n\t\t\t\t<div class=\"elementor-widget-container\">\n\t\t\t\t\t\t\t<p>\u2713 \u00c7al\u0131\u015fan\/bayi\/m\u00fc\u015fteri motivasyonunu art\u0131rmak ve i\u015f ba\u015far\u0131lar\u0131n\u0131 kutlamak i\u00e7in \u00f6zel te\u015fvik gezileri tasarl\u0131yoruz.<\/p><p>\u2713 B\u00fct\u00e7enize ve hedeflerinize uygun olarak haz\u0131rlanm\u0131\u015f yurt i\u00e7i ve yurt d\u0131\u015f\u0131 programlar sunuyoruz.<\/p>\t\t\t\t\t\t<\/div>\n\t\t\t\t<\/div>\n\t\t\t\t\t<\/div>\n\t\t<\/div>\n\t\t\t\t<div class=\"has_eae_slider elementor-column elementor-col-25 elementor-top-column elementor-element elementor-element-5cf60af\" data-id=\"5cf60af\" data-element_type=\"column\">\n\t\t\t<div class=\"elementor-widget-wrap elementor-element-populated\">\n\t\t\t\t\t\t<div class=\"elementor-element elementor-element-1a068b1 elementor-widget elementor-widget-heading\" data-id=\"1a068b1\" data-element_type=\"widget\" data-widget_type=\"heading.default\">\n\t\t\t\t<div class=\"elementor-widget-container\">\n\t\t\t<h2 class=\"elementor-heading-title elementor-size-default\">\u00dcr\u00fcn Lansmanlar\u0131<\/h2>\t\t<\/div>\n\t\t\t\t<\/div>\n\t\t\t\t<div class=\"elementor-element elementor-element-dc20094 elementor-widget elementor-widget-image\" data-id=\"dc20094\" data-element_type=\"widget\" data-widget_type=\"image.default\">\n\t\t\t\t<div class=\"elementor-widget-container\">\n\t\t\t\t\t\t\t\t\t\t\t\t\t<img decoding=\"async\" width=\"1024\" height=\"673\" src=\"https:\/\/gatewaykurumsal.com\/wp-content\/uploads\/2024\/12\/launch-2-1024x673.png\" class=\"attachment-large size-large wp-image-2421\" alt=\"\" srcset=\"https:\/\/gatewaykurumsal.com\/wp-content\/uploads\/2024\/12\/launch-2-1024x673.png 1024w, https:\/\/gatewaykurumsal.com\/wp-content\/uploads\/2024\/12\/launch-2-300x197.png 300w, https:\/\/gatewaykurumsal.com\/wp-content\/uploads\/2024\/12\/launch-2-768x505.png 768w, https:\/\/gatewaykurumsal.com\/wp-content\/uploads\/2024\/12\/launch-2-1536x1009.png 1536w, https:\/\/gatewaykurumsal.com\/wp-content\/uploads\/2024\/12\/launch-2.png 2000w\" sizes=\"(max-width: 1024px) 100vw, 1024px\" \/>\t\t\t\t\t\t\t\t\t\t\t\t\t<\/div>\n\t\t\t\t<\/div>\n\t\t\t\t<div class=\"elementor-element elementor-element-0d7aee6 elementor-widget elementor-widget-text-editor\" data-id=\"0d7aee6\" data-element_type=\"widget\" data-widget_type=\"text-editor.default\">\n\t\t\t\t<div class=\"elementor-widget-container\">\n\t\t\t\t\t\t\t<p>\u2713 Yeni bir \u00fcr\u00fcn lansman\u0131, ba\u015far\u0131l\u0131 bir ba\u015flang\u0131\u00e7 i\u00e7in stratejik ad\u0131mlar gerektiren heyecan verici bir s\u00fcre\u00e7tir.<\/p><p>\u2713 Gateway olarak, \u00fcr\u00fcnlerinizi hedef kitlenizle bulu\u015fturmak i\u00e7in etkileyici lansman etkinlikleri d\u00fczenliyoruz.\u00a0<\/p>\t\t\t\t\t\t<\/div>\n\t\t\t\t<\/div>\n\t\t\t\t\t<\/div>\n\t\t<\/div>\n\t\t\t\t<div class=\"has_eae_slider elementor-column elementor-col-25 elementor-top-column elementor-element elementor-element-8ba5e87\" data-id=\"8ba5e87\" data-element_type=\"column\">\n\t\t\t<div class=\"elementor-widget-wrap elementor-element-populated\">\n\t\t\t\t\t\t<div class=\"elementor-element elementor-element-08d7c39 elementor-widget elementor-widget-heading\" data-id=\"08d7c39\" data-element_type=\"widget\" data-widget_type=\"heading.default\">\n\t\t\t\t<div class=\"elementor-widget-container\">\n\t\t\t<h2 class=\"elementor-heading-title elementor-size-default\">Toplant\u0131lar<\/h2>\t\t<\/div>\n\t\t\t\t<\/div>\n\t\t\t\t<div class=\"elementor-element elementor-element-ee6e48a elementor-widget elementor-widget-image\" data-id=\"ee6e48a\" data-element_type=\"widget\" data-widget_type=\"image.default\">\n\t\t\t\t<div class=\"elementor-widget-container\">\n\t\t\t\t\t\t\t\t\t\t\t\t\t<img decoding=\"async\" width=\"1024\" height=\"665\" src=\"https:\/\/gatewaykurumsal.com\/wp-content\/uploads\/2024\/12\/meeting-1024x665.png\" class=\"attachment-large size-large wp-image-1891\" alt=\"\" srcset=\"https:\/\/gatewaykurumsal.com\/wp-content\/uploads\/2024\/12\/meeting-1024x665.png 1024w, https:\/\/gatewaykurumsal.com\/wp-content\/uploads\/2024\/12\/meeting-300x195.png 300w, https:\/\/gatewaykurumsal.com\/wp-content\/uploads\/2024\/12\/meeting-768x499.png 768w, https:\/\/gatewaykurumsal.com\/wp-content\/uploads\/2024\/12\/meeting-1536x998.png 1536w, https:\/\/gatewaykurumsal.com\/wp-content\/uploads\/2024\/12\/meeting.png 2000w\" sizes=\"(max-width: 1024px) 100vw, 1024px\" \/>\t\t\t\t\t\t\t\t\t\t\t\t\t<\/div>\n\t\t\t\t<\/div>\n\t\t\t\t<div class=\"elementor-element elementor-element-798118c elementor-widget elementor-widget-text-editor\" data-id=\"798118c\" data-element_type=\"widget\" data-widget_type=\"text-editor.default\">\n\t\t\t\t<div class=\"elementor-widget-container\">\n\t\t\t\t\t\t\t<p>\u2713 K\u00fc\u00e7\u00fck i\u015f toplant\u0131lar\u0131ndan geni\u015f kapsaml\u0131 konferanslara kadar t\u00fcm etkinliklerinizin her detay\u0131n\u0131 planl\u0131yoruz.<\/p><p>\u2713 Mekan se\u00e7imi, teknik ekipman temini ve etkinlik ak\u0131\u015f\u0131 y\u00f6netimi gibi t\u00fcm s\u00fcre\u00e7leri titizlikle y\u00fcr\u00fct\u00fcyoruz.<\/p>\t\t\t\t\t\t<\/div>\n\t\t\t\t<\/div>\n\t\t\t\t\t<\/div>\n\t\t<\/div>\n\t\t\t\t<div class=\"has_eae_slider elementor-column elementor-col-25 elementor-top-column elementor-element elementor-element-e7a5dd4\" data-id=\"e7a5dd4\" data-element_type=\"column\">\n\t\t\t<div class=\"elementor-widget-wrap elementor-element-populated\">\n\t\t\t\t\t\t<div class=\"elementor-element elementor-element-6c4e236 elementor-widget elementor-widget-heading\" data-id=\"6c4e236\" data-element_type=\"widget\" data-widget_type=\"heading.default\">\n\t\t\t\t<div class=\"elementor-widget-container\">\n\t\t\t<h2 class=\"elementor-heading-title elementor-size-default\">Konferanslar<\/h2>\t\t<\/div>\n\t\t\t\t<\/div>\n\t\t\t\t<div class=\"elementor-element elementor-element-db84133 elementor-widget elementor-widget-image\" data-id=\"db84133\" data-element_type=\"widget\" data-widget_type=\"image.default\">\n\t\t\t\t<div class=\"elementor-widget-container\">\n\t\t\t\t\t\t\t\t\t\t\t\t\t<img loading=\"lazy\" decoding=\"async\" width=\"1024\" height=\"666\" src=\"https:\/\/gatewaykurumsal.com\/wp-content\/uploads\/2024\/12\/conferance-1024x666.png\" class=\"attachment-large size-large wp-image-1892\" alt=\"\" srcset=\"https:\/\/gatewaykurumsal.com\/wp-content\/uploads\/2024\/12\/conferance-1024x666.png 1024w, https:\/\/gatewaykurumsal.com\/wp-content\/uploads\/2024\/12\/conferance-300x195.png 300w, https:\/\/gatewaykurumsal.com\/wp-content\/uploads\/2024\/12\/conferance-768x499.png 768w, https:\/\/gatewaykurumsal.com\/wp-content\/uploads\/2024\/12\/conferance-1536x998.png 1536w, https:\/\/gatewaykurumsal.com\/wp-content\/uploads\/2024\/12\/conferance.png 2000w\" sizes=\"(max-width: 1024px) 100vw, 1024px\" \/>\t\t\t\t\t\t\t\t\t\t\t\t\t<\/div>\n\t\t\t\t<\/div>\n\t\t\t\t<div class=\"elementor-element elementor-element-3b072bc elementor-widget elementor-widget-text-editor\" data-id=\"3b072bc\" data-element_type=\"widget\" data-widget_type=\"text-editor.default\">\n\t\t\t\t<div class=\"elementor-widget-container\">\n\t\t\t\t\t\t\t<p>\u2713 Akademik, sekt\u00f6rel veya kurumsal konferanslar\u0131n u\u00e7tan uca y\u00f6netimini sa\u011fl\u0131yoruz.<\/p><p>\u2713 Kay\u0131t y\u00f6netimi, kat\u0131l\u0131mc\u0131 ileti\u015fimi ve teknik altyap\u0131 deste\u011fi sunuyoruz.<\/p>\t\t\t\t\t\t<\/div>\n\t\t\t\t<\/div>\n\t\t\t\t\t<\/div>\n\t\t<\/div>\n\t\t\t\t\t<\/div>\n\t\t<\/section>\n\t\t\t\t<\/div>\n\t\t","protected":false},"excerpt":{"rendered":"<p>&#8220;Unutulmaz Organizasyonlar \u0130\u00e7in Do\u011fru Adres!&#8221; Te\u015fvik Programlar\u0131 \u2713 \u00c7al\u0131\u015fan\/bayi\/m\u00fc\u015fteri motivasyonunu art\u0131rmak ve i\u015f ba\u015far\u0131lar\u0131n\u0131 kutlamak i\u00e7in \u00f6zel te\u015fvik gezileri tasarl\u0131yoruz. \u2713 B\u00fct\u00e7enize ve hedeflerinize uygun olarak haz\u0131rlanm\u0131\u015f yurt i\u00e7i ve yurt d\u0131\u015f\u0131 programlar sunuyoruz. \u00dcr\u00fcn Lansmanlar\u0131 \u2713 Yeni bir \u00fcr\u00fcn lansman\u0131, ba\u015far\u0131l\u0131 bir ba\u015flang\u0131\u00e7 i\u00e7in stratejik ad\u0131mlar gerektiren heyecan verici bir s\u00fcre\u00e7tir. \u2713 Gateway olarak, [&hellip;]<\/p>\n","protected":false},"author":1,"featured_media":0,"parent":0,"menu_order":0,"comment_status":"closed","ping_status":"closed","template":"","meta":{"_eb_attr":"","_uag_custom_page_level_css":"","footnotes":""},"class_list":["post-2433","page","type-page","status-publish","hentry"],"blocksy_meta":[],"uagb_featured_image_src":{"full":false,"thumbnail":false,"medium":false,"medium_large":false,"large":false,"1536x1536":false,"2048x2048":false},"uagb_author_info":{"display_name":"admin","author_link":"https:\/\/gatewaykurumsal.com\/?author=1"},"uagb_comment_info":0,"uagb_excerpt":"&#8220;Unutulmaz Organizasyonlar \u0130\u00e7in Do\u011fru Adres!&#8221; Te\u015fvik Programlar\u0131 \u2713 \u00c7al\u0131\u015fan\/bayi\/m\u00fc\u015fteri motivasyonunu art\u0131rmak ve i\u015f ba\u015far\u0131lar\u0131n\u0131 kutlamak i\u00e7in \u00f6zel te\u015fvik gezileri tasarl\u0131yoruz. \u2713 B\u00fct\u00e7enize ve hedeflerinize uygun olarak haz\u0131rlanm\u0131\u015f yurt i\u00e7i ve yurt d\u0131\u015f\u0131 programlar sunuyoruz. \u00dcr\u00fcn Lansmanlar\u0131 \u2713 Yeni bir \u00fcr\u00fcn lansman\u0131, ba\u015far\u0131l\u0131 bir ba\u015flang\u0131\u00e7 i\u00e7in stratejik ad\u0131mlar gerektiren heyecan verici bir s\u00fcre\u00e7tir. \u2713 Gateway olarak,&hellip;","_links":{"self":[{"href":"https:\/\/gatewaykurumsal.com\/index.php?rest_route=\/wp\/v2\/pages\/2433"}],"collection":[{"href":"https:\/\/gatewaykurumsal.com\/index.php?rest_route=\/wp\/v2\/pages"}],"about":[{"href":"https:\/\/gatewaykurumsal.com\/index.php?rest_route=\/wp\/v2\/types\/page"}],"author":[{"embeddable":true,"href":"https:\/\/gatewaykurumsal.com\/index.php?rest_route=\/wp\/v2\/users\/1"}],"replies":[{"embeddable":true,"href":"https:\/\/gatewaykurumsal.com\/index.php?rest_route=%2Fwp%2Fv2%2Fcomments&post=2433"}],"version-history":[{"count":8,"href":"https:\/\/gatewaykurumsal.com\/index.php?rest_route=\/wp\/v2\/pages\/2433\/revisions"}],"predecessor-version":[{"id":2445,"href":"https:\/\/gatewaykurumsal.com\/index.php?rest_route=\/wp\/v2\/pages\/2433\/revisions\/2445"}],"wp:attachment":[{"href":"https:\/\/gatewaykurumsal.com\/index.php?rest_route=%2Fwp%2Fv2%2Fmedia&parent=2433"}],"curies":[{"name":"wp","href":"https:\/\/api.w.org\/{rel}","templated":true}]}}